sands digit of 2262238?
6
What is the ten thousands digit of 14634662?
3
What is the ten thousands digit of 133943?
3
What is the thousands digit of 375315?
5
What is the thousands digit of 3533010?
3
What is the thousands digit of 124889?
4
What is the millions digit of 19645773?
9
What is the units digit of 399995?
5
What is the thousands digit of 355227?
5
What is the millions digit of 1621738?
1
What is the ten thousands digit of 458766?
5
What is the ten thousands digit of 4496199?
9
What is the tens digit of 411141?
4
What is the ten thousands digit of 1124666?
2
What is the millions digit of 2847757?
2
What is the units digit of 2475651?
1
What is the tens digit of 9020130?
3
What is the tens digit of 936478?
7
What is the hundred thousands digit of 606489?
6
What is the tens digit of 5508462?
6
What is the hundreds digit of 34824?
8
What is the thousands digit of 701561?
1
What is the ten thousands digit of 17800?
1
What is the thousands digit of 24304?
4
What is the ten thousands digit of 636534?
3
What is the thousands digit of 602919?
2
What is the millions digit of 12038739?
2
What is the ten thousands digit of 144152?
4
What is the hundreds digit of 359408?
4
What is the hundreds digit of 11368072?
0
What is the hundreds digit of 50591?
5
What is the hundreds digit of 1702855?
8
What is the tens digit of 26748955?
5
What is the ten thousands digit of 123646?
2
What is the units digit of 144851?
1
What is the units digit of 1575845?
5
What is the tens digit of 7741?
4
What is the tens digit of 3304265?
6
What is the tens digit of 1278885?
8
What is the tens digit of 314062?
6
What is the millions digit of 4688996?
4
What is the tens digit of 509708?
0
What is the thousands digit of 287229?
7
What is the units digit of 1470440?
0
What is the tens digit of 24667421?
2
What is the ten thousands digit of 146873?
4
What is the thousands digit of 1234171?
4
What is the units digit of 405658?
8
What is the thousands digit of 24412481?
2
What is the ten thousands digit of 2198740?
9
What is the thousands digit of 229497?
9
What is the ten thousands digit of 7553080?
5
What is the tens digit of 3934803?
0
What is the thousands digit of 299030?
9
What is the units digit of 620447?
7
What is the hundred thousands digit of 194846?
1
What is the units digit of 64309?
9
What is the hundreds digit of 27342?
3
What is the thousands digit of 4925508?
5
What is the units digit of 3551009?
9
What is the units digit of 371678?
8
What is the ten thousands digit of 327848?
2
What is the hundreds digit of 4226557?
5
What is the hundreds digit of 603066?
0
What is the millions digit of 27307533?
7
What is the thousands digit of 1473069?
3
What is the tens digit of 9518556?
5
What is the hundred thousands digit of 241238?
2
What is the millions digit of 13809460?
3
What is the thousands digit of 17691?
7
What is the hundreds digit of 2867341?
3
What is the hundreds digit of 164713?
7
What is the units digit of 393527?
7
What is the units digit of 2274519?
9
What is the tens digit of 4753585?
8
What is the hundreds digit of 758333?
3
What is the ten thousands digit of 541882?
4
What is the hundred thousands digit of 1113619?
1
What is the ten thousands digit of 1840109?
4
What is the hundreds digit of 10613830?
8
What is the tens digit of 92576?
7
What is the ten thousands digit of 94298?
9
What is the ten thousands digit of 2476190?
7
What is the ten thousands digit of 56587?
5
What is the ten thousands digit of 3461274?
6
What is the thousands digit of 418769?
8
What is the hundreds digit of 584068?
0
What is the tens digit of 2376902?
0
What is the ten thousands digit of 920922?
2
What is the hundreds digit of 3851183?
1
What is the thousands digit of 1145659?
5
What is the ten thousands digit of 6974273?
7
What is the units digit of 604670?
0
What is the ten thousands digit of 1666992?
6
What is the tens digit of 101541?
4
What is the thousands digit of 175107?
5
What is the thousands digit of 15485?
5
What is the tens digit of 45014?
1
What is the tens digit of 247640?
4
What is the thousands digit of 701223?
1
What is the ten thousands digit of 199746?
9
What is the ten thousands digit of 5768906?
6
What is the thousands digit of 14893997?
3
What is the hundred thousands digit of 42772238?
7
What is the units digit of 3825003?
3
What is the tens digit of 2236686?
8
What is the thousands digit of 174946?
4
What is the units digit of 3549143?
3
What is the hundreds digit of 3893052?
0
What is the millions digit of 2254429?
2
What is the thousands digit of 8422467?
2
What is the millions digit of 9183669?
9
What is the millions digit of 16327835?
6
What is the hundreds digit of 18328999?
9
What is the hundred thousands digit of 701495?
7
What is the hundreds digit of 426556?
5
What is the thousands digit of 172656?
2
What is the units digit of 539067?
7
What is the hundred thousands digit of 128185?
1
What is the hundreds digit of 16783762?
7
What is the hundreds digit of 711?
7
What is the thousands digit of 838080?
8
What is the tens digit of 5809036?
3
What is the thousands digit of 1947314?
7
What is the thousands digit of 6984410?
4
What is the hundreds digit of 2514170?
1
What is the ten thousands digit of 1946594?
4
What is the units digit of 628146?
6
What is the hundred thousands digit of 2383779?
3
What is the hundreds digit of 4105765?
7
What is the hundred thousands digit of 584690?
5
What is the millions digit of 36502929?
6
What is the millions digit of 8765355?
8
What is the tens digit of 877681?
8
What is the thousands digit of 1366449?
6
What is the thousands digit of 2804199?
4
What is the ten thousands digit of 996225?
9
What is the ten thousands digit of 18931?
1
What is the millions digit of 2532913?
2
What is the hundreds digit of 11101?
1
What is the tens digit of 320108?
0
What is the units digit of 1572230?
0
What is the thousands digit of 4130212?
0
What is the hundreds digit of 227027?
0
What is the ten millions digit of 26558523?
2
What is the thousands digit of 429260?
9
What is the hundred thousands digit of 2565219?
5
What is the units digit of 782230?
0
What is the tens digit of 1339314?
1
What is the tens digit of 1085941?
4
What is the ten thousands digit of 554667?
5
What is the units digit of 27889028?
8
What is the tens digit of 204896?
9
What is the thousands digit of 1047673?
7
What is the hundred thousands digit of 176575?
1
What is the tens digit of 18245009?
0
What is the hundreds digit of 1546519?
5
What is the units digit of 1084453?
3
What is the thousands digit of 725306?
5
What is the thousands digit of 571183?
1
What is the tens digit of 2101077?
7
What is the ten thousands digit of 962835?
6
What is the millions digit of 3535304?
3
What is the units digit of 19996023?
3
What is the tens digit of 543750?
5
What is the millions digit of 1282834?
1
What is the ten thousands digit of 4072718?
7
What is the units digit of 1322421?
1
What is the thousands digit of 6220096?
0
What is the ten thousands digit of 5598184?
9
What is the units digit of 570213?
3
What is the tens digit of 834308?
0
What is the millions digit of 2591829?
2
What is the hundreds digit of 833290?
2
What is the ten thousands digit of 2224333?
2
What is the thousands digit of 2054526?
4
What is the units digit of 20494821?
1
What is the tens digit of 1507798?
9
What is the millions digit of 6022442?
6
What is the ten millions digit of 27446231?
2
What is the hundreds digit of 184664?
6
What is the thousands digit of 511081?
1
What is the tens digit of 942795?
9
What is the tens digit of 9086?
8
What is the hundreds digit of 2202615?
6
What is the ten thousands digit of 4184294?
8
What is the tens digit of 19587244?
4
What is the hundreds digit of 759960?
9
What is the ten thousands digit of 1200543?
0
What is the hundreds digit of 318228?
2
What is the ten thousands digit of 208048?
0
What is the thousands digit of 1954182?
4
What is the hundreds digit of 49916?
9
What is the hundreds digit of 145731?
7
What is the hundreds digit of 749032?
0
What is the hundreds digit of 42274226?
2
What is the tens digit of 4664798?
9
What is the millions digit of 14694989?
4
What is the hundreds digit of 22105886?
8
What is the hundred thousands digi